rime?
False
Is 80480773 prime?
True
Is 50233433 a composite number?
True
Is 24210599 composite?
True
Is 10307501 a prime number?
True
Is 14764801 a composite number?
False
Is 24613261 a prime number?
True
Is 62294599 a prime number?
False
Is 4055917 composite?
False
Is 6127307 a composite number?
False
Is 1712456483 prime?
True
Is 108323519 prime?
True
Is 2749993 a composite number?
True
Is 8227451 prime?
True
Is 28610707 a composite number?
False
Is 285490351 prime?
False
Is 327529 a composite number?
False
Is 2649431 a composite number?
False
Is 541165313 a composite number?
True
Is 154172651 composite?
True
Is 66644789 a composite number?
True
Is 3655609 prime?
True
Is 36031037 prime?
False
Is 5400511 prime?
True
Is 2610185 a composite number?
True
Is 46830857 composite?
False
Is 6218581 a prime number?
True
Is 21883286 a composite number?
True
Is 191618047 prime?
True
Is 11228779 composite?
False
Is 6079267 composite?
False
Is 119412493 a prime number?
False
Is 2414443 a prime number?
True
Is 123419 a prime number?
True
Is 56177437 composite?
True
Is 2212931 composite?
True
Is 104890211 a prime number?
False
Is 32682682 a prime number?
False
Is 47372287 composite?
True
Is 76033985 a prime number?
False
Is 31239433 a composite number?
True
Is 2756927 composite?
True
Is 2067911 prime?
True
Is 15978481 composite?
False
Is 256195 prime?
False
Is 13370161 a composite number?
True
Is 1918919 a prime number?
True
Is 307479911 composite?
False
Is 434561 prime?
True
Is 2159293 a composite number?
True
Is 1999661 a composite number?
False
Is 11054163 a composite number?
True
Is 2301055 a composite number?
True
Is 103623033 composite?
True
Is 17738953 composite?
False
Is 424674793 a prime number?
False
Is 40367051 composite?
True
Is 7418669 a composite number?
False
Is 178939 a composite number?
False
Is 371068153 a prime number?
False
Is 43202242 a composite number?
True
Is 53359 a prime number?
True
Is 31964027 a composite number?
False
Is 56043665 prime?
False
Is 207437053 a prime number?
False
Is 1066187 a prime number?
False
Is 16130021 prime?
True
Is 1879063 a prime number?
False
Is 13381079 a composite number?
False
Is 206133 prime?
False
Is 250883989 a composite number?
True
Is 13586639 a composite number?
True
Is 29438803 prime?
False
Is 87115667 composite?
True
Is 36020623 prime?
False
Is 1024913 a composite number?
True
Is 10714489 a composite number?
True
Is 264780983 composite?
True
Is 67525987 a composite number?
False
Is 747793 a prime number?
False
Is 457887169 a composite number?
False
Is 841 composite?
True
Is 45751 composite?
False
Is 239633 a prime number?
True
Is 8361623 a composite number?
False
Is 60829 prime?
False
Is 364755397 composite?
False
Is 3857383 prime?
True
Is 147487693 composite?
False
Is 1831117 composite?
True
Is 419515927 prime?
True
Is 9858437 prime?
True
Is 4588637 a composite number?
True
Is 4596965 prime?
False
Is 6147653 prime?
True
Is 1812053 a composite number?
False
Is 1480439 prime?
False
Is 27752357 a prime number?
True
Is 6429763 a composite number?
False
Is 3585401 a prime number?
False
Is 138456359 composite?
False
Is 33429881 prime?
True
Is 15698983 composite?
False
Is 174701549 a prime number?
False
Is 63608299 a prime number?
False
Is 27777835 prime?
False
Is 1832584877 a composite number?
True
Is 4625389 composite?
False
Is 249955 prime?
False
Is 93703897 composite?
True
Is 10053713 a prime number?
True
Is 9743707 prime?
True
Is 27486959 a prime number?
True
Is 94162751 composite?
True
Is 29748265 prime?
False
Is 3099751 prime?
False
Is 57179131 a prime number?
False
Is 2549606 a composite number?
True
Is 42079523 a composite number?
True
Is 258049 prime?
False
Is 2345369 a composite number?
True
Is 229073621 prime?
False
Is 3549359 a prime number?
False
Is 3440231 a composite number?
True
Is 19158602 a composite number?
True
Is 4278013 a composite number?
False
Is 6142481 prime?
False
Is 53105357 a prime number?
True
Is 29319529 a composite number?
False
Is 4476809 a composite number?
False
Is 6541511 a prime number?
True
Is 27963097 prime?
True
Is 73195757 composite?
True
Is 150814855 a composite number?
True
Is 8602073 prime?
False
Is 249287 prime?
True
Is 15016499 a composite number?
False
Is 18759271 a composite number?
True
Is 244109641 a composite number?
False
Is 7642829 a prime number?
True
Is 1269559 a prime number?
True
Is 81463037 prime?
True
Is 140591119 composite?
False
Is 99397699 composite?
False
Is 41056163 a prime number?
True
Is 303073 a composite number?
False
Is 25072439 composite?
True
Is 246490714 prime?
False
Is 38919379 composite?
False
Is 3138103 a composite number?
False
Is 8233741 a composite number?
True
Is 1131673 composite?
True
Is 1118419 composite?
False
Is 5587895 prime?
False
Is 146622977 composite?
True
Is 1983587 a prime number?
True
Is 50273427 composite?
True
Is 1904887 composite?
True
Is 6336697 a prime number?
True
Is 1214891 a prime number?
True
Is 31906687 a composite number?
False
Is 22183043 prime?
True
Is 34919983 a composite number?
True
Is 120041 a prime number?
True
Is 30804829 a prime number?
False
Is 3643091 prime?
False
Is 49409 prime?
True
Is 39818071 a prime number?
False
Is 86344471 a composite number?
False
Is 311459501 composite?
False
Is 139389879 a composite number?
True
Is 674603 a composite number?
False
Is 894823 a prime number?
False
Is 499521859 a composite number?
False
Is 3350717 composite?
True
Is 1075909973 a composite number?
False
Is 120834443 a prime number?
False
Is 118651397 a composite number?
True
Is 59599363 a prime number?
False
Is 22270343 a prime number?
True
Is 19812971 composite?
False
Is 116366009 a prime number?
False
Is 85562761 a composite number?
True
Is 7524515 composite?
True
Is 362164839 prime?
False
Is 12361039 a composite number?
True
Is 100196353 a composite number?
True
Is 83433083 prime?
False
Is 228809 composite?
True
Is 150077 a composite number?
False
Is 17898847 composite?
False
Is 113907643 a composite number?
True
Is 8365387 a composite number?
False
Is 349346 a prime number?
False
Is 37605839 a composite number?
False
Is 2813249 a composite number?
False
Is 1627237 prime?
True
Is 234440881 prime?
True
Is 5956739 a composite number?
False
Is 375553 a prime number?
True
Is 4495979 composite?
False
Is 550472897 composite?
True
Is 2192137 composite?
True
Is 5365541 prime?
False
Is 13013629 a prime number?
True
Is 324071443 prime?
False
Is 1896194305 prime?
False
Is 1683779 composite?
False
Is 1714103 a composite number?
True
Is 25161657 composite?
True
Is 1021547 composite?
True
Is 64399415 prime?
False
Is 39377759 a prime number?
True
Is 633533 a prime number?
False
Is 1330801 a composite number?
True
Is 142242951 composite?
True
Is 397369239 prime?
False
Is 3111851 a composite number?
True
Is 11261073 prime?
False
Is 6020849 prime?
False
Is 83686759 a prime number?
False
Is 1989847 a prime number?
True
Is 9470759 composite?
True
Is 436879691 composite?
True
Is 10435409 prime?
True
Is 573634535 prime?
False
Is 154277371 a prime number?
False
Is 380486 composite?
True
Is 1964527 composite?
True
Is 118082137 a composite number?
False
Is 2564459 composite?
False
Is 23451859 a prime number?
True
Is 331211 composite?
True
Is 3018173 a prime number?
True
Is 14227153 composite?
False
Is 11786077 prime?
True
Is 5609341 a prime number?
True
Is 677927 composite?
False
Is 3353351 a composite number?
False
Is 47684639 a prime number?
True
Is 58895 prime?
False
Is 31232801 a composite number?
True
Is 93625841 prime?
True
Is 162258937 composite?
False
Is 9383905 composite?
True
Is 307601851 prime?
True
Is 174779419 a composite number?
False
Is 26365858 a composite number?
True
Is 459593 a composite number?
False
Is 32494253 prime?
False
Is 14938943 composite?
False
Is 94529 a composite number?
False
Is 887273 composite?
True
Is 4082629 prime?
True
Is 11378641 a composite number?
False
Is 3538033 a composite number?
False
Is 669480263 a prime number?
True
Is 9092537 a prime number?
False
Is 3651695 prime?
False
Is 114684305 a prime number?
False
Is 195407 a prime number?
True
Is 5182007 a composite number?
True
Is 3306763 a composite number?
False
Is 2948223 a composite number?
True
Is 12136405 a prime number?